 the prime factors of 399948.
2, 3, 33329
List the prime factors of 93427.
93427
List the prime factors of 228948.
2, 3, 19079
What are the prime factors of 2893833?
3, 19, 5641
List the prime factors of 101312.
2, 1583
What are the prime factors of 20076045?
3, 5, 11, 281, 433
List the prime factors of 2414853.
3, 7, 4259
List the prime factors of 748590.
2, 3, 5, 24953
List the prime factors of 26690.
2, 5, 17, 157
What are the prime factors of 81900?
2, 3, 5, 7, 13
What are the prime factors of 2240412?
2, 3, 186701
What are the prime factors of 155589?
3, 7, 31, 239
What are the prime factors of 7201749?
3, 281, 8543
What are the prime factors of 5388445?
5, 103, 10463
What are the prime factors of 3956535?
3, 5, 11, 7993
What are the prime factors of 5576550?
2, 3, 5, 7, 47, 113
What are the prime factors of 348153?
3, 13, 79, 113
List the prime factors of 19826508.
2, 3, 13, 73, 1741
List the prime factors of 2492064.
2, 3, 17, 509
What are the prime factors of 9596101?
439, 21859
List the prime factors of 1765330.
2, 5, 7, 25219
What are the prime factors of 3779302?
2, 1889651
What are the prime factors of 551843?
551843
What are the prime factors of 1126942?
2, 463, 1217
List the prime factors of 795898.
2, 47, 8467
List the prime factors of 219743.
37, 5939
List the prime factors of 1643846.
2, 173, 4751
What are the prime factors of 226175?
5, 83, 109
List the prime factors of 310214.
2, 109, 1423
What are the prime factors of 345947?
7, 73, 677
What are the prime factors of 175973?
7, 23, 1093
List the prime factors of 403384.
2, 50423
List the prime factors of 846062.
2, 7, 223, 271
List the prime factors of 603817.
603817
What are the prime factors of 6603649?
13, 37, 13729
List the prime factors of 112422.
2, 3, 41, 457
List the prime factors of 752999.
13, 57923
List the prime factors of 99752.
2, 37, 337
List the prime factors of 764793.
3, 84977
List the prime factors of 10713502.
2, 17, 315103
List the prime factors of 162181.
157, 1033
What are the prime factors of 3957334?
2, 23, 86029
List the prime factors of 13448758.
2, 6724379
What are the prime factors of 4473371?
7, 639053
List the prime factors of 320342.
2, 11, 14561
List the prime factors of 3714000.
2, 3, 5, 619
List the prime factors of 1736645.
5, 347329
What are the prime factors of 13984965?
3, 5, 17, 101, 181
List the prime factors of 11299511.
11299511
What are the prime factors of 2907053?
37, 78569
List the prime factors of 1838489.
907, 2027
What are the prime factors of 1625958?
2, 3, 103, 877
List the prime factors of 2478787.
17, 139, 1049
What are the prime factors of 123044?
2, 19, 1619
What are the prime factors of 2711436?
2, 3, 7, 13, 191
What are the prime factors of 7326904?
2, 13, 70451
What are the prime factors of 1332084?
2, 3, 13, 8539
What are the prime factors of 37156903?
7, 263, 20183
List the prime factors of 478984.
2, 11, 5443
What are the prime factors of 495808?
2, 61, 127
What are the prime factors of 166587?
3, 55529
What are the prime factors of 5261917?
19, 23, 12041
List the prime factors of 28630366.
2, 29, 493627
List the prime factors of 141456.
2, 3, 7, 421
What are the prime factors of 47969?
47969
List the prime factors of 204063.
3, 251, 271
What are the prime factors of 776629?
7, 110947
List the prime factors of 729159.
3, 37, 6569
What are the prime factors of 22677509?
83, 433, 631
What are the prime factors of 90823?
90823
What are the prime factors of 190385?
5, 13, 29, 101
List the prime factors of 10413550.
2, 5, 7, 29753
List the prime factors of 7833343.
7, 1119049
List the prime factors of 676199.
59, 73, 157
List the prime factors of 503104.
2, 7, 1123
List the prime factors of 195171.
3, 67, 971
What are the prime factors of 489297?
3, 43, 3793
List the prime factors of 1839201.
3, 7, 13, 6737
List the prime factors of 432042.
2, 3, 13, 29, 191
What are the prime factors of 1255528?
2, 156941
What are the prime factors of 30181343?
389, 77587
What are the prime factors of 864204?
2, 3, 11, 6547
What are the prime factors of 122562?
2, 3, 11, 619
What are the prime factors of 11106257?
11106257
List the prime factors of 3577895.
5, 715579
List the prime factors of 8439248.
2, 527453
What are the prime factors of 126135?
3, 5, 2803
What are the prime factors of 1013522?
2, 331, 1531
List the prime factors of 12058482.
2, 3, 2009747
What are the prime factors of 3222694?
2, 109, 14783
What are the prime factors of 1360355?
5, 73, 3727
What are the prime factors of 57314?
2, 28657
List the prime factors of 1308372.
2, 3, 13, 8387
What are the prime factors of 1692715?
5, 338543
What are the prime factors of 6488362?
2, 31, 104651
What are the prime factors of 9673814?
2, 73, 173, 383
List the prime factors of 185453.
17, 10909
List the prime factors of 275532.
2, 3, 22961
List the prime factors of 4920617.
13, 378509
What are the prime factors of 3268356?
2, 3, 7, 13, 41, 73
List the prime factors of 94903.
94903
What are the prime factors of 1167207?
3, 67, 5807
What are the prime factors of 3171657?
3, 1057219
What are the prime factors of 14916610?
2, 5, 1491661
What are the prime factors of 2387672?
2, 7, 6091
List the prime factors of 485431.
19, 29, 881
What are the prime factors of 311985?
3, 5, 2311
What are the prime factors of 21060041?
887, 23743
What are the prime factors of 2191147?
7, 17, 18413
List the prime factors of 292999.
7, 19, 2203
List the prime factors of 293014.
2, 239, 613
List the prime factors of 11335373.
7, 1619339
List the prime factors of 316368.
2, 3, 13
What are the prime factors of 16601838?
2, 3, 11, 251543
What are the prime factors of 28599116?
2, 7, 13, 78569
What are the prime factors of 134277?
3, 11, 13, 313
What are the prime factors of 825935?
5, 11, 15017
What are the prime factors of 491203?
151, 3253
List the prime factors of 18212724.
2, 3, 101, 5009
List the prime factors of 940438.
2, 470219
What are the prime factors of 877865?
5, 175573
List the prime factors of 158525.
5, 17, 373
List the prime factors of 22751402.
2, 347, 32783
What are the prime factors of 288330?
2, 3, 5, 7, 1373
List the prime factors of 1877376.
2, 3, 4889
What are the prime factors of 3816242?
2, 1908121
List the prime factors of 3924042.
2, 3, 17, 31, 73
What are the prime factors of 1598217?
3, 532739
List the prime factors of 2842481.
613, 4637
List the prime factors of 7836916.
2, 127, 15427
List the prime factors of 363918.
2, 3, 131, 463
List the prime factors of 182429.
13, 14033
What are the prime factors of 1102893?
3, 11, 19, 1759
List the prime factors of 5068359.
3, 29, 6473
List the prime factors of 369669.
3, 149, 827
What are the prime factors of 362432?
2, 7, 809
List the prime factors of 92938.
2, 31, 1499
List the prime factors of 39003.
3, 13001
What are the prime factors of 384758?
2, 11, 17489
List the prime factors of 6560474.
2, 23, 142619
What are the prime factors of 11046794?
2, 11, 37, 41, 331
List the prime factors of 14318.
2, 7159
List the prime factors of 3882505.
5, 11, 73, 967
What are the prime factors of 4640269?
17, 107, 2551
List the prime factors of 12946079.
23, 101, 5573
List the prime factors of 15284177.
1607, 9511
List the prime factors of 1356225.
3, 5, 13, 107
What are the prime factors of 3965942?
2, 97, 20443
What are the prime factors of 20594?
2, 7, 1471
List the prime factors of 6737150.
2, 5, 7, 19249
List the prime factors of 8019993.
3, 2673331
List the prime factors of 3433961.
47, 73063
List the prime factors of 1588030.
2, 5, 158803
What are the prime factors of 24115?
5, 7, 13, 53
List the prime factors of 75768.
2, 3, 7, 11, 41
What are the prime factors of 10522712?
2, 127, 10357
What are the prime factors of 7514917?
7514917
What are the prime factors of 1396962?
2, 3, 7, 11087
What are the prime factors of 785607?
3, 131, 1999
What are the prime factors of 565150?
2, 5, 89, 127
List the prime factors of 3832631.
11, 348421
List the prime factors of 33687140.
2, 5, 233, 7229
What are the prime factors of 1889083?
7, 211, 1279
List the prime factors of 334559.
73, 4583
What are the prime factors of 3425665?
5, 311, 2203
What are the prime factors of 5444307?
3, 11, 23, 797
What are the prime factors of 78060?
2, 3, 5, 130